{"id":136,"date":"2017-07-21T23:13:44","date_gmt":"2017-07-21T20:13:44","guid":{"rendered":"https:\/\/calvineum.wordpress.com\/?page_id=136"},"modified":"2017-11-15T14:43:43","modified_gmt":"2017-11-15T12:43:43","slug":"kfk-2015-2","status":"publish","type":"page","link":"http:\/\/calvineum.ro\/?page_id=136","title":{"rendered":"KFK 2015"},"content":{"rendered":"<p>&nbsp;<\/p>\n<p>2015 ben , a \u00a0Ko\u00f3s Ferenc K\u00f6r keret\u00e9ben, a k\u00f6vetkez\u0151 el\u0151ad\u00e1sok hangzottak el.<\/p>\n<p><strong><span style=\"color: #ff0000;\">Janu\u00e1r 16.-\u00e1n.\u00a0<\/span><\/strong><\/p>\n<p><em>Bemutatkozik a \u00a0Bukaresti Ady Endre liceum .\u00a0<\/em><\/p>\n<p><em>K\u00f6sz\u00f6nt\u0151 Dr Bencze Mih\u00e1ly igazgat\u00f3\u00a0<\/em><\/p>\n<p><em>A di\u00e1kok \u00fcnnepi m\u0171sora.<\/em><\/p>\n<p><strong><span style=\"color: #ff0000;\">Febru\u00e1r 13.-\u00e1n.<\/span><\/strong><\/p>\n<p><em>A \u00a0Bukaresti R\u00e1di\u00f3 magyar nyelv\u0171 ad\u00e1s\u00e1nak bemutat\u00e1sa.<\/em><\/p>\n<p><em>Sz\u00e9kely Ervin f\u0151szerkeszt\u0151 , Forr\u00f3 L\u00e1szl\u00f3 szerkeszt\u0151.<\/em><\/p>\n<p><strong><span style=\"color: #ff0000;\">M\u00e1rcius 6.<\/span><\/strong><\/p>\n<p><em>M\u00e1rton \u00c1ron p\u00fcsp\u00f6k letart\u00f3ztat\u00e1s\u00e1nak \u00e9s szabadon bocs\u00e1t\u00e1s\u00e1nak k\u00f6r\u00fclm\u00e9nyei\u00a0<\/em><\/p>\n<p><em>Dr.Nagy Mih\u00e1ly Zolt\u00e1n , a Rom\u00e1n Kultur\u00e1lis Int\u00e9zet aleln\u00f6ke.<\/em><\/p>\n<p><strong><span style=\"color: #ff0000;\">M\u00e1jus 16.<\/span><\/strong><\/p>\n<p><em>200 \u00e9ve alakult meg a Bukaresti Reform\u00e1tus Egyh\u00e1z.<\/em><\/p>\n<p><em>S\u00fckei Imre &#8211; 1815 m\u00e1jus 14\u00a0<\/em><\/p>\n<p><em>El\u0151ad\u00f3 &#8211; Hencz Hilda\u00a0<\/em><\/p>\n<p><em>A v\u00e1rosban \u00e9l\u0151 \u00e9s tev\u00e9kenyked\u0151 m\u0171v\u00e9szek \u00fcnnepi hangversenye.<\/em><\/p>\n<p>&nbsp;<\/p>\n<p><span style=\"color: #ff0000;\"><strong>J\u00fanius 5\u00a0<\/strong><\/span><\/p>\n<p><em>Szemelv\u00e9nyek a K\u00e1rp\u00e1tokon kiv\u00fcli Reform\u00e1tus Egyh\u00e1zak \u00e9let\u00e9b\u0151l.<\/em><\/p>\n<p><em>Bir\u00f3 Tivadar lp.<\/em><\/p>\n<p>&nbsp;<\/p>\n<p><strong><span style=\"color: #ff0000;\">Okt\u00f3ber 2.\u00a0<\/span><\/strong><\/p>\n<p><em>Dr Csiha K\u00e1lm\u00e1n p\u00fcsp\u00f6k \u00e9lete.<\/em><\/p>\n<p><em>D\u00e1vid Zolt\u00e1n<\/em><\/p>\n<p><strong><span style=\"color: #ff0000;\">November 6<\/span><\/strong><\/p>\n<p><em>Hum\u00e1n g\u00e9nom m\u00f3dos\u00edt\u00e1sa ?\u00a0<\/em><\/p>\n<p><em>Dr Szedlacsek Istv\u00e1n\u00a0<\/em><\/p>\n<p>&nbsp;<\/p>\n<p><span style=\"color: #ff0000;\"><strong>November 20<\/strong><\/span><\/p>\n<p><em>A rom\u00e1niai magyar anyanyelv\u0171 oktat\u00e1s aktu\u00e1lis k\u00e9rd\u00e9sei.<\/em><\/p>\n<p><em>Dr. Lingvay J\u00f3zsef\u00a0<\/em><\/p>\n<p>&nbsp;<\/p>\n<p><strong><span style=\"color: #ff0000;\">December 4\u00a0<\/span><\/strong><\/p>\n<p><em>A Magyar-Rom\u00e1n \u00e9s Rom\u00e1n &#8211; Magyar , nagysz\u00f3t\u00e1rak bem\u00fatat\u00e1sa \u00e9s a h\u00e1tt\u00e9rmunka.\u00a0<\/em><\/p>\n<p><em>A kiad\u00f3 r\u00e9sz\u00e9r\u0151l Koncz G\u00e9za\u00a0<\/em><\/p>\n<p><em>A szerz\u0151k: L\u00e1z\u00e1r edit \u00e9s Rom\u00e1n Gy\u0151z\u0151.<\/em><\/p>\n<p>&nbsp;<\/p>\n<p>&nbsp;<\/p>\n","protected":false},"excerpt":{"rendered":"<p>&nbsp; 2015 ben , a \u00a0Ko\u00f3s Ferenc K\u00f6r keret\u00e9ben, a k\u00f6vetkez\u0151 el\u0151ad\u00e1sok hangzottak el. Janu\u00e1r 16.-\u00e1n.\u00a0 Bemutatkozik a \u00a0Bukaresti Ady Endre liceum .\u00a0 K\u00f6sz\u00f6nt\u0151 Dr Bencze Mih\u00e1ly igazgat\u00f3\u00a0 A di\u00e1kok \u00fcnnepi m\u0171sora. Febru\u00e1r 13.-\u00e1n. A \u00a0Bukaresti R\u00e1di\u00f3 magyar nyelv\u0171 ad\u00e1s\u00e1nak bemutat\u00e1sa. Sz\u00e9kely Ervin f\u0151szerkeszt\u0151 , Forr\u00f3 L\u00e1szl\u00f3 szerkeszt\u0151. M\u00e1rcius 6. M\u00e1rton \u00c1ron p\u00fcsp\u00f6k letart\u00f3ztat\u00e1s\u00e1nak \u00e9s &hellip; <a href=\"http:\/\/calvineum.ro\/?page_id=136\" class=\"more-link\"><span class=\"screen-reader-text\">KFK 2015<\/span> b\u0151vebben&#8230; <span class=\"meta-nav\">&rarr;<\/span><\/a><\/p>\n","protected":false},"author":1,"featured_media":0,"parent":0,"menu_order":0,"comment_status":"closed","ping_status":"closed","template":"","meta":[],"_links":{"self":[{"href":"http:\/\/calvineum.ro\/index.php?rest_route=\/wp\/v2\/pages\/136"}],"collection":[{"href":"http:\/\/calvineum.ro\/index.php?rest_route=\/wp\/v2\/pages"}],"about":[{"href":"http:\/\/calvineum.ro\/index.php?rest_route=\/wp\/v2\/types\/page"}],"author":[{"embeddable":true,"href":"http:\/\/calvineum.ro\/index.php?rest_route=\/wp\/v2\/users\/1"}],"replies":[{"embeddable":true,"href":"http:\/\/calvineum.ro\/index.php?rest_route=%2Fwp%2Fv2%2Fcomments&post=136"}],"version-history":[{"count":2,"href":"http:\/\/calvineum.ro\/index.php?rest_route=\/wp\/v2\/pages\/136\/revisions"}],"predecessor-version":[{"id":1344,"href":"http:\/\/calvineum.ro\/index.php?rest_route=\/wp\/v2\/pages\/136\/revisions\/1344"}],"wp:attachment":[{"href":"http:\/\/calvineum.ro\/index.php?rest_route=%2Fwp%2Fv2%2Fmedia&parent=136"}],"curies":[{"name":"wp","href":"https:\/\/api.w.org\/{rel}","templated":true}]}}

<p>&nbsp;</p>
<p>2015 ben , a  Koós Ferenc Kör keretében, a következő előadások hangzottak el.</p>
<p><strong><span style="color: #ff0000;">Január 16.-án. </span></strong></p>
<p><em>Bemutatkozik a  Bukaresti Ady Endre liceum . </em></p>
<p><em>Köszöntő Dr Bencze Mihály igazgató </em></p>
<p><em>A diákok ünnepi műsora.</em></p>
<p><strong><span style="color: #ff0000;">Február 13.-án.</span></strong></p>
<p><em>A  Bukaresti Rádió magyar nyelvű adásának bemutatása.</em></p>
<p><em>Székely Ervin főszerkesztő , Forró László szerkesztő.</em></p>
<p><strong><span style="color: #ff0000;">Március 6.</span></strong></p>
<p><em>Márton Áron püspök letartóztatásának és szabadon bocsátásának körülményei </em></p>
<p><em>Dr.Nagy Mihály Zoltán , a Román Kulturális Intézet alelnöke.</em></p>
<p><strong><span style="color: #ff0000;">Május 16.</span></strong></p>
<p><em>200 éve alakult meg a Bukaresti Református Egyház.</em></p>
<p><em>Sükei Imre &#8211; 1815 május 14 </em></p>
<p><em>Előadó &#8211; Hencz Hilda </em></p>
<p><em>A városban élő és tevékenykedő művészek ünnepi hangversenye.</em></p>
<p>&nbsp;</p>
<p><span style="color: #ff0000;"><strong>Június 5 </strong></span></p>
<p><em>Szemelvények a Kárpátokon kivüli Református Egyházak életéből.</em></p>
<p><em>Biró Tivadar lp.</em></p>
<p>&nbsp;</p>
<p><strong><span style="color: #ff0000;">Október 2. </span></strong></p>
<p><em>Dr Csiha Kálmán püspök élete.</em></p>
<p><em>Dávid Zoltán</em></p>
<p><strong><span style="color: #ff0000;">November 6</span></strong></p>
<p><em>Humán génom módosítása ? </em></p>
<p><em>Dr Szedlacsek István </em></p>
<p>&nbsp;</p>
<p><span style="color: #ff0000;"><strong>November 20</strong></span></p>
<p><em>A romániai magyar anyanyelvű oktatás aktuális kérdései.</em></p>
<p><em>Dr. Lingvay József </em></p>
<p>&nbsp;</p>
<p><strong><span style="color: #ff0000;">December 4 </span></strong></p>
<p><em>A Magyar-Román és Román &#8211; Magyar , nagyszótárak bemútatása és a háttérmunka. </em></p>
<p><em>A kiadó részéről Koncz Géza </em></p>
<p><em>A szerzők: Lázár edit és Román Győző.</em></p>
<p>&nbsp;</p>
<p>&nbsp;</p>

<p>&nbsp; 2015 ben , a  Koós Ferenc Kör keretében, a következő előadások hangzottak el. Január 16.-án.  Bemutatkozik a  Bukaresti Ady Endre liceum .  Köszöntő Dr Bencze Mihály igazgató  A diákok ünnepi műsora. Február 13.-án. A  Bukaresti Rádió magyar nyelvű adásának bemutatása. Székely Ervin főszerkesztő , Forró László szerkesztő. Március 6. Márton Áron püspök letartóztatásának és &hellip; <a href="http://calvineum.ro/?page_id=136" class="more-link"><span class="screen-reader-text">KFK 2015</span> bővebben&#8230; <span class="meta-nav">&rarr;</span></a></p>
