{"id":218,"date":"2017-07-22T00:11:07","date_gmt":"2017-07-21T21:11:07","guid":{"rendered":"https:\/\/calvineum.wordpress.com\/?page_id=218"},"modified":"2017-07-22T00:11:07","modified_gmt":"2017-07-21T21:11:07","slug":"lista-pastorala-2","status":"publish","type":"page","link":"http:\/\/calvineum.ro\/?page_id=218","title":{"rendered":"Lista pastoral\u0103"},"content":{"rendered":"<p><strong>Lista Pastoral\u0103<\/strong><\/p>\n<p>1. S\u00fckei Imre 1815 \u2013 1848<br \/>\n2. P\u00e9terfi Albert 1849 \u00a0\u2013 1850<br \/>\n3. Dim\u00e1ny J\u00f3zsef 1850 \u00a0\u2013 1854<br \/>\n4. Czelder M\u00e1rton \u2013 misionar<br \/>\n5. Ko\u00f3s Ferenc 1855 \u2013 1869<br \/>\n6. K\u00e1ntor Lajos<br \/>\n7. Tompa K\u00e1roly<br \/>\n8. Gy\u00e1rf\u00e1s Lajos 1875 \u2013 1881<br \/>\n9. Barab\u00e1s J\u00e1nos 1881 \u00a0\u2013 1901<br \/>\n10. N\u00e9met S\u00e1ndor 1901 \u2013 1903<br \/>\n11. Ujv\u00e1ri Istv\u00e1n 1903 &#8211; ?<br \/>\n12. Toth Gyula<br \/>\n13. M\u00e1rton \u00c1rp\u00e1d 1906 \u2013 1918<br \/>\n14. Sz\u00e1sz Istv\u00e1n<br \/>\n15. T\u00f6k\u00e9s Ern\u0151<br \/>\n16. Nagy S\u00e1ndor<br \/>\n17. K\u00e1ny\u00e1di B\u00e9la<br \/>\n18. Hamar B\u00e9la<br \/>\n19. Tak\u00e1cs P\u00e1l<br \/>\n20. Sz\u00e9kely K\u00e1roly 1961 \u2013 1974<br \/>\n21. B\u00e1nyai L\u00e1szl\u00f3 1982 -2012 &#8211; \u00een \u0218oseaua Viilor<br \/>\n22. Dr . Z\u00e1goni Albu Zolt\u00e1n 1974 \u2013 2002<br \/>\n23. Zsold B\u00e9la 2002 \u2013<br \/>\n24. Bir\u00f3 Tivadar 2012 &#8211;<\/p>\n","protected":false},"excerpt":{"rendered":"<p>Lista Pastoral\u0103 1. S\u00fckei Imre 1815 \u2013 1848 2. P\u00e9terfi Albert 1849 \u00a0\u2013 1850 3. Dim\u00e1ny J\u00f3zsef 1850 \u00a0\u2013 1854 4. Czelder M\u00e1rton \u2013 misionar 5. Ko\u00f3s Ferenc 1855 \u2013 1869 6. K\u00e1ntor Lajos 7. Tompa K\u00e1roly 8. Gy\u00e1rf\u00e1s Lajos 1875 \u2013 1881 9. Barab\u00e1s J\u00e1nos 1881 \u00a0\u2013 1901 10. N\u00e9met S\u00e1ndor 1901 \u2013 1903 &hellip; <a href=\"http:\/\/calvineum.ro\/?page_id=218\" class=\"more-link\"><span class=\"screen-reader-text\">Lista pastoral\u0103<\/span> b\u0151vebben&#8230; <span class=\"meta-nav\">&rarr;<\/span><\/a><\/p>\n","protected":false},"author":1,"featured_media":0,"parent":0,"menu_order":0,"comment_status":"closed","ping_status":"closed","template":"","meta":[],"_links":{"self":[{"href":"http:\/\/calvineum.ro\/index.php?rest_route=\/wp\/v2\/pages\/218"}],"collection":[{"href":"http:\/\/calvineum.ro\/index.php?rest_route=\/wp\/v2\/pages"}],"about":[{"href":"http:\/\/calvineum.ro\/index.php?rest_route=\/wp\/v2\/types\/page"}],"author":[{"embeddable":true,"href":"http:\/\/calvineum.ro\/index.php?rest_route=\/wp\/v2\/users\/1"}],"replies":[{"embeddable":true,"href":"http:\/\/calvineum.ro\/index.php?rest_route=%2Fwp%2Fv2%2Fcomments&post=218"}],"version-history":[{"count":0,"href":"http:\/\/calvineum.ro\/index.php?rest_route=\/wp\/v2\/pages\/218\/revisions"}],"wp:attachment":[{"href":"http:\/\/calvineum.ro\/index.php?rest_route=%2Fwp%2Fv2%2Fmedia&parent=218"}],"curies":[{"name":"wp","href":"https:\/\/api.w.org\/{rel}","templated":true}]}}