{"id":86,"date":"2017-07-21T22:28:04","date_gmt":"2017-07-21T19:28:04","guid":{"rendered":"https:\/\/calvineum.wordpress.com\/?page_id=86"},"modified":"2017-11-15T15:23:22","modified_gmt":"2017-11-15T13:23:22","slug":"istentiszteletek-2","status":"publish","type":"page","link":"http:\/\/calvineum.ro\/?page_id=86","title":{"rendered":"Istentiszteletek"},"content":{"rendered":"<p><strong>Minden vas\u00e1rnap d\u00e9lel\u0151tt 10 \u00f3rai kezdettel Istentiszteletet tartunk.<\/strong><\/p>\n<p>Erre az alkalomra sz\u00edvesen v\u00e1runk \u00e9s hivunk minden gy\u00fclekezeti tagot \u00e9s \u00e9rdekl\u0151d\u00f6t.<\/p>\n<p>Szeretettel fogadjuk a Bukarestben ideiglenesen tartozkod\u00f3 reform\u00e1tus \u00e9s m\u00e1s felekezet\u0171 magyar kereszty\u00e9neket.<\/p>\n<p style=\"text-align: center;\"><span style=\"color: #ff0000;\"><strong>Az Istentiszteletek ideje alatt , a tan\u00e1csteremben vas\u00e1rnapi iskola \u00e9s gyermekmeg\u0151rz\u0151.\u00a0<\/strong><\/span><\/p>\n<p><em><strong><span style=\"color: #008000;\">November 26.-\u00e1n Bir\u00f3 Tivadar , Bukarest II &#8211; Sz\u0151l\u0151skerti lelkip\u00e1sztor szolg\u00e1l.\u00a0<\/span><\/strong><\/em><\/p>\n<p><em><strong><span style=\"color: #008000;\">November 19.-\u00e9n, \u00a0vend\u00e9g\u00fcnk \u00a0 Nt. Jakab B\u00e1lint szombathelyi lelkip\u00e1sztor hirdeti az Ig\u00e9t.\u00a0<\/span><\/strong><\/em><\/p>\n<p style=\"text-align: center;\">\n<p><strong>\u00dcnnepnapjainkon, az \u00darvacsor\u00e1t kiszolg\u00e1ltatjuk.<\/strong><\/p>\n<p>\u00darvacsor\u00e1t osztunk: \u00a0Advent els\u0151 vas\u00e1rnapj\u00e1n, Kar\u00e1csony els\u0151 napj\u00e1n, B\u00f6jtf\u0151 vas\u00e1rnapj\u00e1n, Husv\u00e9t els\u0151 napj\u00e1n, P\u00fcnk\u00f6sd els\u0151 napj\u00e1n, \u00dajzsenge vas\u00e1rnapj\u00e1n.<\/p>\n<p>Hagyom\u00e1ny szerint a Reform\u00e1ci\u00f3 napja el\u0151tti szombaton, a bukaresti Magyar \u00e9s n\u00e9met protest\u00e1ns gy\u00fclekezetekkel k\u00f6z\u00f6s \u00fcnnepi Istentiszteletet tartunk. Ezen alkalommal is kiszolg\u00e1ltatjuk az \u00darvacsor\u00e1t.<\/p>\n<p><em>&#8220;J\u00f6jjetek \u00e9nhozz\u00e1m mindny\u00e1jan, akik megf\u00e1radtatok, \u00e9s meg vagytok terhelve, \u00e9s \u00e9n megnyugv\u00e1st adok nektek.&#8221; ( Mt.11:28 ) \u00a0\u00a0<\/em><\/p>\n","protected":false},"excerpt":{"rendered":"<p>Minden vas\u00e1rnap d\u00e9lel\u0151tt 10 \u00f3rai kezdettel Istentiszteletet tartunk. Erre az alkalomra sz\u00edvesen v\u00e1runk \u00e9s hivunk minden gy\u00fclekezeti tagot \u00e9s \u00e9rdekl\u0151d\u00f6t. Szeretettel fogadjuk a Bukarestben ideiglenesen tartozkod\u00f3 reform\u00e1tus \u00e9s m\u00e1s felekezet\u0171 magyar kereszty\u00e9neket. Az Istentiszteletek ideje alatt , a tan\u00e1csteremben vas\u00e1rnapi iskola \u00e9s gyermekmeg\u0151rz\u0151.\u00a0 November 26.-\u00e1n Bir\u00f3 Tivadar , Bukarest II &#8211; Sz\u0151l\u0151skerti lelkip\u00e1sztor szolg\u00e1l.\u00a0 November &hellip; <a href=\"http:\/\/calvineum.ro\/?page_id=86\" class=\"more-link\"><span class=\"screen-reader-text\">Istentiszteletek<\/span> b\u0151vebben&#8230; <span class=\"meta-nav\">&rarr;<\/span><\/a><\/p>\n","protected":false},"author":1,"featured_media":0,"parent":0,"menu_order":0,"comment_status":"closed","ping_status":"closed","template":"","meta":[],"_links":{"self":[{"href":"http:\/\/calvineum.ro\/index.php?rest_route=\/wp\/v2\/pages\/86"}],"collection":[{"href":"http:\/\/calvineum.ro\/index.php?rest_route=\/wp\/v2\/pages"}],"about":[{"href":"http:\/\/calvineum.ro\/index.php?rest_route=\/wp\/v2\/types\/page"}],"author":[{"embeddable":true,"href":"http:\/\/calvineum.ro\/index.php?rest_route=\/wp\/v2\/users\/1"}],"replies":[{"embeddable":true,"href":"http:\/\/calvineum.ro\/index.php?rest_route=%2Fwp%2Fv2%2Fcomments&post=86"}],"version-history":[{"count":4,"href":"http:\/\/calvineum.ro\/index.php?rest_route=\/wp\/v2\/pages\/86\/revisions"}],"predecessor-version":[{"id":1349,"href":"http:\/\/calvineum.ro\/index.php?rest_route=\/wp\/v2\/pages\/86\/revisions\/1349"}],"wp:attachment":[{"href":"http:\/\/calvineum.ro\/index.php?rest_route=%2Fwp%2Fv2%2Fmedia&parent=86"}],"curies":[{"name":"wp","href":"https:\/\/api.w.org\/{rel}","templated":true}]}}

<p><strong>Minden vasárnap délelőtt 10 órai kezdettel Istentiszteletet tartunk.</strong></p>
<p>Erre az alkalomra szívesen várunk és hivunk minden gyülekezeti tagot és érdeklődöt.</p>
<p>Szeretettel fogadjuk a Bukarestben ideiglenesen tartozkodó református és más felekezetű magyar keresztyéneket.</p>
<p style="text-align: center;"><span style="color: #ff0000;"><strong>Az Istentiszteletek ideje alatt , a tanácsteremben vasárnapi iskola és gyermekmegőrző. </strong></span></p>
<p><em><strong><span style="color: #008000;">November 26.-án Biró Tivadar , Bukarest II &#8211; Szőlőskerti lelkipásztor szolgál. </span></strong></em></p>
<p><em><strong><span style="color: #008000;">November 19.-én,  vendégünk   Nt. Jakab Bálint szombathelyi lelkipásztor hirdeti az Igét. </span></strong></em></p>
<p style="text-align: center;">
<p><strong>Ünnepnapjainkon, az Úrvacsorát kiszolgáltatjuk.</strong></p>
<p>Úrvacsorát osztunk:  Advent első vasárnapján, Karácsony első napján, Böjtfő vasárnapján, Husvét első napján, Pünkösd első napján, Újzsenge vasárnapján.</p>
<p>Hagyomány szerint a Reformáció napja előtti szombaton, a bukaresti Magyar és német protestáns gyülekezetekkel közös ünnepi Istentiszteletet tartunk. Ezen alkalommal is kiszolgáltatjuk az Úrvacsorát.</p>
<p><em>&#8220;Jöjjetek énhozzám mindnyájan, akik megfáradtatok, és meg vagytok terhelve, és én megnyugvást adok nektek.&#8221; ( Mt.11:28 )   </em></p>

<p>Minden vasárnap délelőtt 10 órai kezdettel Istentiszteletet tartunk. Erre az alkalomra szívesen várunk és hivunk minden gyülekezeti tagot és érdeklődöt. Szeretettel fogadjuk a Bukarestben ideiglenesen tartozkodó református és más felekezetű magyar keresztyéneket. Az Istentiszteletek ideje alatt , a tanácsteremben vasárnapi iskola és gyermekmegőrző.  November 26.-án Biró Tivadar , Bukarest II &#8211; Szőlőskerti lelkipásztor szolgál.  November &hellip; <a href="http://calvineum.ro/?page_id=86" class="more-link"><span class="screen-reader-text">Istentiszteletek</span> bővebben&#8230; <span class="meta-nav">&rarr;</span></a></p>
